t is the tens digit of 107092?
9
What is the hundred thousands digit of 2621201?
6
What is the hundreds digit of 532579?
5
What is the ten thousands digit of 810657?
1
What is the ten thousands digit of 129260?
2
What is the hundred thousands digit of 232577?
2
What is the thousands digit of 169130?
9
What is the millions digit of 1321074?
1
What is the ten thousands digit of 1927403?
2
What is the units digit of 16902091?
1
What is the tens digit of 36881194?
9
What is the ten thousands digit of 287409?
8
What is the millions digit of 2504783?
2
What is the units digit of 8607337?
7
What is the hundreds digit of 143417?
4
What is the thousands digit of 4435?
4
What is the thousands digit of 621135?
1
What is the ten thousands digit of 687006?
8
What is the tens digit of 436578?
7
What is the ten thousands digit of 306117?
0
What is the tens digit of 728617?
1
What is the tens digit of 413254?
5
What is the ten thousands digit of 842774?
4
What is the ten thousands digit of 384008?
8
What is the units digit of 248958?
8
What is the hundred thousands digit of 145502?
1
What is the hundred thousands digit of 853199?
8
What is the tens digit of 2938211?
1
What is the hundred thousands digit of 2289386?
2
What is the hundred thousands digit of 523675?
5
What is the hundreds digit of 515120?
1
What is the units digit of 33199157?
7
What is the millions digit of 3933410?
3
What is the millions digit of 13876758?
3
What is the millions digit of 4257601?
4
What is the ten thousands digit of 2590707?
9
What is the units digit of 908124?
4
What is the tens digit of 734123?
2
What is the thousands digit of 10104897?
4
What is the ten thousands digit of 647473?
4
What is the tens digit of 2213222?
2
What is the ten thousands digit of 3843832?
4
What is the hundred thousands digit of 788072?
7
What is the hundreds digit of 72309?
3
What is the thousands digit of 1343517?
3
What is the thousands digit of 552504?
2
What is the hundreds digit of 15700529?
5
What is the millions digit of 17898253?
7
What is the thousands digit of 13523?
3
What is the ten thousands digit of 88855?
8
What is the units digit of 3699568?
8
What is the millions digit of 30383525?
0
What is the units digit of 857327?
7
What is the thousands digit of 192501?
2
What is the ten thousands digit of 357754?
5
What is the tens digit of 737606?
0
What is the hundred thousands digit of 3083034?
0
What is the hundreds digit of 4713852?
8
What is the thousands digit of 225458?
5
What is the thousands digit of 8383150?
3
What is the ten thousands digit of 150799?
5
What is the units digit of 30452095?
5
What is the ten thousands digit of 755992?
5
What is the units digit of 1133464?
4
What is the ten millions digit of 14112170?
1
What is the thousands digit of 6196?
6
What is the tens digit of 1064715?
1
What is the ten thousands digit of 155635?
5
What is the thousands digit of 607283?
7
What is the units digit of 312857?
7
What is the units digit of 1174706?
6
What is the hundred thousands digit of 399863?
3
What is the units digit of 2835327?
7
What is the units digit of 2307396?
6
What is the units digit of 449469?
9
What is the millions digit of 1621318?
1
What is the millions digit of 1057757?
1
What is the hundreds digit of 3120290?
2
What is the millions digit of 16928402?
6
What is the thousands digit of 4612507?
2
What is the thousands digit of 740655?
0
What is the tens digit of 545216?
1
What is the millions digit of 1325266?
1
What is the hundreds digit of 916112?
1
What is the ten thousands digit of 12977384?
7
What is the hundred thousands digit of 741988?
7
What is the ten thousands digit of 842825?
4
What is the tens digit of 886376?
7
What is the units digit of 2050192?
2
What is the ten thousands digit of 308341?
0
What is the millions digit of 1018194?
1
What is the units digit of 109528?
8
What is the ten thousands digit of 3013690?
1
What is the hundreds digit of 364525?
5
What is the thousands digit of 577350?
7
What is the thousands digit of 678330?
8
What is the units digit of 173995?
5
What is the units digit of 17359994?
4
What is the millions digit of 2721046?
2
What is the ten thousands digit of 1161171?
6
What is the tens digit of 1433676?
7
What is the ten thousands digit of 761576?
6
What is the tens digit of 1384542?
4
What is the units digit of 1416817?
7
What is the tens digit of 793145?
4
What is the tens digit of 24677?
7
What is the millions digit of 30182748?
0
What is the millions digit of 3448435?
3
What is the ten thousands digit of 1234309?
3
What is the units digit of 999867?
7
What is the units digit of 2350352?
2
What is the millions digit of 4891423?
4
What is the ten millions digit of 16298851?
1
What is the hundreds digit of 5945003?
0
What is the hundred thousands digit of 119752?
1
What is the units digit of 188887?
7
What is the hundreds digit of 531648?
6
What is the thousands digit of 6509008?
9
What is the thousands digit of 1291386?
1
What is the ten thousands digit of 415584?
1
What is the hundred thousands digit of 5863972?
8
What is the thousands digit of 3489078?
9
What is the tens digit of 24534665?
6
What is the tens digit of 164881?
8
What is the units digit of 1810125?
5
What is the ten thousands digit of 4580425?
8
What is the hundred thousands digit of 8078411?
0
What is the units digit of 114440?
0
What is the ten thousands digit of 10905606?
0
What is the thousands digit of 3182868?
2
What is the tens digit of 1653867?
6
What is the thousands digit of 5313044?
3
What is the ten thousands digit of 1017313?
1
What is the ten thousands digit of 23382384?
8
What is the ten thousands digit of 420855?
2
What is the ten thousands digit of 1722012?
2
What is the ten thousands digit of 147415?
4
What is the thousands digit of 255492?
5
What is the units digit of 166328?
8
What is the ten thousands digit of 39501?
3
What is the tens digit of 126869?
6
What is the hundreds digit of 5460977?
9
What is the ten thousands digit of 5671614?
7
What is the thousands digit of 866330?
6
What is the units digit of 2871989?
9
What is the ten thousands digit of 1074705?
7
What is the tens digit of 245357?
5
What is the units digit of 1467586?
6
What is the units digit of 817078?
8
What is the units digit of 766485?
5
What is the millions digit of 1331034?
1
What is the ten thousands digit of 1140298?
4
What is the tens digit of 1527151?
5
What is the units digit of 7127551?
1
What is the ten thousands digit of 10771200?
7
What is the ten thousands digit of 1583074?
8
What is the ten thousands digit of 1276327?
7
What is the hundreds digit of 282201?
2
What is the ten thousands digit of 912678?
1
What is the ten thousands digit of 1101460?
0
What is the ten thousands digit of 1695376?
9
What is the hundreds digit of 968463?
4
What is the hundred thousands digit of 7443215?
4
What is the units digit of 1919526?
6
What is the hundreds digit of 25959?
9
What is the ten thousands digit of 1430815?
3
What is the ten thousands digit of 222506?
2
What is the tens digit of 232150?
5
What is the millions digit of 1755492?
1
What is the hundred thousands digit of 5493011?
4
What is the tens digit of 6423251?
5
What is the ten thousands digit of 3982780?
8
What is the hundreds digit of 19641?
6
What is the units digit of 3193512?
2
What is the hundred thousands digit of 11953129?
9
What is the tens digit of 3730068?
6
What is the hundred thousands digit of 7773357?
7
What is the hundreds digit of 792259?
2
What is the units digit of 31881?
1
What is the hundred thousands digit of 990342?
9
What is the tens digit of 2896609?
0
What is the thousands digit of 118391?
8
What is the hundreds digit of 4974292?
2
What is the ten thousands digit of 1226887?
2
What is the units digit of 15908559?
9
What is the hundred thousands digit of 15639312?
6
What is the units digit of 55485?
5
What is the ten thousands digit of 524526?
2
What is the hundreds digit of 6589557?
5
What is the hundreds digit of 39742?
7
What is the hundred thousands digit of 788598?
7
What is the hundred thousands digit of 225230?
2
What is the thousands digit of 98341?
8
What is the hundreds digit of 255965?
9
What is the hundreds digit of 12044553?
5
What is the hundreds digit of 182820?
8
What